is 1350364 + -5?
1350356
In base 10, what is -5 - -193166?
193161
In base 10, what is 28 - -157196?
157224
In base 2, what is 1111000110110 - -111?
1111000111101
In base 5, what is -20 + -33341?
-33411
In base 5, what is 1213 + -120232?
-114014
In base 3, what is 210002012 + 0?
210002012
In base 2, what is -10100111010 + 101010000110?
10101001100
In base 12, what is 2 + -102a2?
-102a0
In base 4, what is 10222031 - -110?
10222201
In base 16, what is 94 - a4?
-10
In base 14, what is -2 + -9112?
-9114
In base 12, what is -49 - 852?
-89b
In base 12, what is 14 + 1032?
1046
In base 11, what is -183a579 + -4?
-183a582
In base 6, what is 155 + -55315?
-55120
In base 15, what is 29 - -46e?
498
In base 15, what is 6353 - 5?
634d
In base 12, what is -3a - -222b4?
22276
In base 11, what is -51605 + -2?
-51607
In base 14, what is 819 - -5?
820
In base 4, what is 2310022203 - 11?
2310022132
In base 7, what is 351 - 245?
103
In base 12, what is 829 + -19?
810
In base 9, what is 3 - -26404?
26407
In base 3, what is 1212 + 20220110?
20222022
In base 10, what is 8004 - -6?
8010
In base 6, what is 5 - -4402425?
4402434
In base 9, what is 67518 + 2?
67521
In base 16, what is -8b5b - -16?
-8b45
In base 3, what is 11011 - -2022?
20110
In base 6, what is -241 - 31152?
-31433
In base 6, what is -213334 + 412?
-212522
In base 2, what is -1 - 1011111101111010?
-1011111101111011
In base 4, what is -3 + -211220?
-211223
In base 10, what is -4075 - 0?
-4075
In base 3, what is 0 - 2210212200?
-2210212200
In base 14, what is -617 - -75?
-582
In base 15, what is 10 + 4ae2?
4b02
In base 15, what is 16c + 3a?
1a7
In base 7, what is -10435 - -264?
-10141
In base 16, what is 4 + -47401?
-473fd
In base 16, what is -18 - -7ea?
7d2
In base 2, what is -11011100 + 11111000010?
11011100110
In base 7, what is 13601010 + -3?
13601004
In base 9, what is -247 - 14?
-262
In base 6, what is 1005200 - 2?
1005154
In base 7, what is -265 + -5405?
-6003
In base 3, what is 12 + -21121002?
-21120220
In base 13, what is -9 - -4170?
4164
In base 4, what is 3303 - -112100?
122003
In base 9, what is 2 + -25151?
-25148
In base 8, what is -4 - -13077?
13073
In base 10, what is 5 - 18287?
-18282
In base 12, what is 0 - -59a?
59a
In base 4, what is -13 + -22122003?
-22122022
In base 12, what is 5 + 1476?
147b
In base 10, what is -19663 + 4?
-19659
In base 15, what is 6c - -a482?
a4ee
In base 15, what is 3 + 19b401?
19b404
In base 7, what is 1040265 + -2?
1040263
In base 6, what is -5033 - 15303?
-24340
In base 2, what is 1001100111 + -10111101100?
-1110000101
In base 12, what is 1b7 + -536?
-33b
In base 5, what is -113 + -31203?
-31321
In base 15, what is 44e44 + -5?
44e3e
In base 3, what is -12 + -121020002?
-121020021
In base 3, what is 10011 - 1222221?
-1212210
In base 10, what is 7736 + 15?
7751
In base 2, what is -11011011110110000010 + 0?
-11011011110110000010
In base 2, what is 100 - -101111100010011?
101111100010111
In base 15, what is -45 - 825?
-86a
In base 10, what is -8541 - -10?
-8531
In base 9, what is -434 - 235?
-670
In base 15, what is -a517 + -3?
-a51a
In base 14, what is 2ac + -2cbb?
-2a0d
In base 14, what is 0 - -24a?
24a
In base 9, what is 23535 + 3?
23538
In base 2, what is 10111 + 1011010000110010?
1011010001001001
In base 10, what is 27 + 1383?
1410
In base 4, what is 1101223323 - -11?
1101230000
In base 4, what is -13312102 - 1?
-13312103
In base 15, what is 23a1 - -4?
23a5
In base 16, what is 98a21 - -4?
98a25
In base 15, what is 10 - 1007?
-ee7
In base 11, what is 1 - -3a759?
3a75a
In base 5, what is -11 + -100242?
-100303
In base 15, what is 6 + -4a3e8?
-4a3e2
In base 4, what is -10 + -1123202?
-1123212
In base 12, what is 122 - -151a?
1640
In base 4, what is -210 + -2033?
-2303
In base 9, what is 2752062 + -4?
2752057
In base 13, what is 5 - -2306?
230b
In base 10, what is 4 - 7068?
-7064
In base 15, what is -4 - -ce82?
ce7d
In base 14, what is 529a41 + 1?
529a42
In base 11, what is -25a08 + -3?
-25a10
In base 6, what is -140 - -22112?
21532
In base 2, what is 1 - 11010011110100?
-11010011110011
In base 11, what is 2 - 310386?
-310384
In base 13, what is 12 - -8163?
8175
In base 8, what is -225 + -31353?
-31600
In base 9, what is -3 + 4827?
4824
In base 9, what is 130 - -11?
141
In base 14, what is 5 + 24c4?
24c9
In base 6, what is -12210 + 13?
-12153
In base 3, what is -20 - -22010?
21220
In base 5, what is 133041 - 112?
132424
In base 16, what is 9144f - -4?
91453
In base 12, what is -919b + 3?
-9198
In base 14, what is 3d7b3d - -1?
3d7b40
In base 14, what is -8 - -5630?
5626
In base 13, what is 69 - 77c?
-713
In base 9, what is -2 - -1203281?
1203278
In base 8, what is 407307 - 5?
407302
In base 15, what is -7 - 209e?
-20a6
In base 5, what is -32 + -1222?
-1304
In base 2, what is 1 + 10111111001111100?
10111111001111101
In base 3, what is 0 - -12221012221?
12221012221
In base 9, what is 236851 + 12?
236863
In base 3, what is -112 + 121101000?
121100111
In base 14, what is -4789 + 0?
-4789
In base 11, what is 22 - -178a?
1801
In base 16, what is 243f3 + 24?
24417
In base 14, what is 2895 - 5?
2890
In base 10, what is -3229 + -471?
-3700
In base 8, what is -7056 - 73?
-7151
In base 4, what is 31113320 - 32?
31113222
In base 13, what is 0 + -625?
-625
In base 15, what is -c + 1bb5d?
1bb51
In base 3, what is -12 + 2012210111?
2012210022
In base 10, what is 1107 + -36?
1071
In base 5, what is 304 - -301210?
302014
In base 7, what is 4123 + 253?
4406
In base 13, what is 11b7 + 1b?
1205
In base 8, what is 113 - 4427?
-4314
In base 14, what is -5 - -2a75?
2a70
In base 7, what is -333 + 213?
-120
In base 6, what is -413 - 345?
-1202
In base 6, what is 233 - 40210?
-35533
In base 15, what is 76d + 8?
776
In base 5, what is 40 + 1314231?
1314321
In base 15, what is 2a + -42d?
-403
In base 6, what is 22 + 3441052?
3441114
In base 8, what is -22 - -3042?
3020
In base 13, what is -3 - -750?
74a
In base 11, what is 0 + 217?
217
In base 12, what is 43624 - -23?
43647
In base 10, what is -201 + 27?
-174
In base 12, what is 5804 + 44?
5848
In base 13, what is 0 - 5327?
-5327
In base 12, what is 7a3 + -3?
7a0
In base 2, what is -11 - 100011001011010?
-100011001011101
In base 12, what is 123a28 - 3?
123a25
In base 13, what is 18 + 38176?
38191
In base 6, what is 4 - 342423?
-342415
In base 16, what is -486 - -8?
-47e
In base 10, what is 1 + 43013?
43014
In base 6, what is 2202015 - -154?
2202213
In base 10, what is 11747 + 0?
11747
In base 15, what is 0 - 430c?
-430c
In base 7, what is -120 - -620?
500
In base 2, what is 110101100011 - -10100?
110101110111
In base 7, what is 334 + -12342?
-12005
In base 9, what is 14535 + 11?
14546
In base 16, what is 2d5da + 5?
2d5df
In base 10, what is -14649 - 68?
-14717
In base 5, what is 4 + 44012?
44021
In base 11, what is -5 - 644077?
-644081
In base 16, what is d - -37d0?
37dd
In base 4, what is 123 - 21103?
-20320
In base 12, what is a605 + 53?
a658
In base 4, what is -301300333 - 10?
-301301003
In base 16, what is d11a + 2?
d11c
In base 4, what is -211 + 23323?
23112
In base 6, what is 10221 - 12?
10205
In base 13, what is a9b - 11?
a8a
In base 7, what is -162050 - 4?
-162054
In base 4, what is -2233110 - 0?
-2233110
In base 7, what is -3 - 653013?
-653016
In base 9, what is 3 + 12522?
12525
In base 10, what is 5 + 19920?
19925
In base 14, what is 18c9 - -25?
1910
In base 13, what is -cb41 - -7?
-cb37
In base 13, what is -1503 + -8b?
-1591
In base 7, what is 232013 - -2?
232015
In base 6, what is 0 - -243535?
243535
In base 12, what is -2 - 1b8b56?
-1b8b58
In base 13, what is -3 - -7778?
7775
In base 10, what is 328050 - 1?
328049
In base 15, what is 20e6c + 0?
20e6c
In base 5, what is 21044320 + -4?
21044311
In base 4, what is -30112331 - 111?
-30113102
In base 2, what is 101100001 + -111011000?
-1110111
In base 6, what is -544 - -3503?
2515
In base 13, what is -13320 + 45?
-132a8
In base 2, what is 100010001001010111000 - -10?
100010001001010111010
In base 15, what is 9 - -5c9b?
5ca5
In base 8, what is 220762 + 52?
221034
In base 10, what is 4234 - 10?
4224
In base 11, what is 29 - -2498?
2516
In base 16, what is -1bb7 + 4?
-1bb3
In base 3, what is 110120 - -12102001?
12212121
In base 14, what is 7 + 3a3b1?
3a3b8
In base 13, what is -2c0 - 3